 2*h. Let d(a) be the third derivative of -a**6/30 + a**5/60 - a**4/24 + a**3/6 + 2*a**2. What is d(h)?
-3
Let r(x) = -3*x - 2 - 1 + 8. What is r(-3)?
14
Let u be (888/(-740))/(6/(-70) - 0). Let z be 4*(2 - 1*4). Let w = z + u. Let c(v) = v - 13. Give c(w).
-7
Let p(a) = -7*a**3 - 9*a**2 + 34*a - 12. Let j(r) = 15*r**3 + 19*r**2 - 72*r + 25. Let g(k) = -6*j(k) - 13*p(k). What is g(-5)?
6
Let x(h) = -h**2 + h - 2. Let a(d) = -d**3 + 7*d**2 - 3*d + 8. Let w(r) = a(r) + 2*x(r). Suppose 6 = 3*p - 3, -4*q - 3*p + 29 = 0. Give w(q).
-1
Let y(f) be the second derivative of -f**4/12 - 5*f**3/6 - 3*f**2 + 45*f. Let j(t) = t**2 - t + 1. Let q(b) = -2*j(b) - y(b). Determine q(7).
4
Let f(n) be the first derivative of n**3 - n**2/2 - n - 9. Suppose 5*h - 17 = s, 2*h = s - h + 11. Give f(s).
13
Let i(c) = c - 2. Let x = 100 - 94. Determine i(x).
4
Suppose -2*c + 10 - 2 = 0. Suppose c*w - 12 = -0. Let x(m) = m**2 - 1. Calculate x(w).
8
Let k(n) be the second derivative of -n**7/840 + n**6/360 + n**5/120 - n**4/24 - 5*n**3/3 + 4*n. Let l(i) be the second derivative of k(i). What is l(2)?
-3
Let q(x) = -x**2 + x - 11. Let f be q(0). Let z = f - -6. Let k(u) = 10*u**2 - 4*u**2 - 107*u + u**3 - 115*u + 227*u + 5. What is k(z)?
5
Let h(g) be the third derivative of -7*g**6/20 - g**4/24 + g**3/6 - 255*g**2. Give h(1).
-42
Suppose 6 + 6 = 4*c. Let f(y) = -8*y**2 - 2*y + 9. Let d(u) = -9*u**2 - 3*u + 11. Let g(w) = -5*d(w) + 6*f(w). Determine g(c).
-19
Let v(f) = 17*f**2 + 70*f + 16. Let j(x) = 6*x**2 + 24*x + 5. Let u(w) = -11*j(w) + 4*v(w). What is u(-7)?
-5
Let p(j) = 11*j. Let v = 273 + -275. Calculate p(v).
-22
Let j(g) be the second derivative of -2*g**3/3 + g**2 - 8*g + 10. Let q be -4 + 1 - (-1 - 5). What is j(q)?
-10
Let f(m) = m - 1. Let y = -9 - -14. Let s be 3/y - (5 + (-14)/10). Give f(s).
-4
Let y(x) = 3*x - 7. Suppose 0 = -0*g - 2*g - 3*u - 23, 5*u = -g - 22. Determine y(g).
-28
Let k = -317 - -312. Let d(f) = -f**3 - 6*f**2 - 4*f - 3. Calculate d(k).
-8
Let o be -4*((-39)/52 - (-1 - -2)). Let i(r) = 13*r + 3*r**2 + 6 - 9*r - o*r**2 - r**3. What is i(-4)?
-10
Let f(y) = -2*y + 2. Suppose -7*u + 3*u - 16 = 0, 0 = 5*s + 4*u + 31. Determine f(s).
8
Let t(l) = -4. Let h(w) = -3*w + 32. Let p(c) = -h(c) + t(c). Give p(13).
3
Let g(k) = -1 + 6*k**2 - 5*k - 16*k**3 + k**3 + 8*k**3 + 6*k**3. Suppose -r + 2 = -3. Give g(r).
-1
Let b(u) = 2*u - 7. Suppose -15*p + 11*p = -28. Determine b(p).
7
Let q(k) = 29 + k**2 + 5*k + 31 + 29 - 99. Give q(-6).
-4
Let f(g) = g**2 + 2*g - 6. Let u(m) = 12*m - 233. Let w be u(19). Calculate f(w).
9
Let c(h) = h**3 + 6*h**2 + 6*h - 2. Suppose -d - 4*n + 9*n + 10 = 0, 0 = -5*n - 15. Determine c(d).
-7
Let r = 527 + -530. Let w(p) = -7*p + 4. Calculate w(r).
25
Let b(l) = -l**3 - 2*l**2 + 4*l + 6. Let v be -3 + 11 + 7 + -17. What is b(v)?
-2
Let j(m) = -m**3 - 8*m**2 - 13*m + 5. Let h be j(-6). Let g = -10 + h. Let q(t) = 6*t**2 + t. Determine q(g).
7
Suppose 0 = 42*d - 252. Let a(u) = -u**2 + 7*u + 7. What is a(d)?
13
Let q be 35/11 - 2/11. Let a(h) be the third derivative of 1/60*h**5 - 1/6*h**4 + 2/3*h**3 + 0 + 0*h - 2*h**2. Give a(q).
1
Let p(i) = -3*i**2 - 4*i - 9. Suppose 0 = 3*c - 15 - 0. Let q(s) = -2*s**2 + 2*s - 5 - 2*s - 2*s. Let u(l) = c*q(l) - 3*p(l). Give u(4).
-6
Let x(p) = p - 2. Let z(c) = -2. Let a(j) = -x(j) + 5*z(j). Calculate a(0).
-8
Let k(l) = -l**3 - 3*l**2 + 5*l + 1. Let r = 7 + -18. Let x be (-1 + 2)*(r - -1). Let t be x/3 + (-10)/15. Determine k(t).
-3
Let w(b) = -9*b**2 + b - 3*b**2 - 2*b**2 + 13*b**2 + 4*b**2. What is w(2)?
14
Let b(q) = -2*q**2 + 8*q + 7. Let y be b(-1). Suppose -2 = -f - 1. Let z(j) = -6*j + j**2 - j**3 + f + 2*j + 0*j**2 + 2*j**3. Give z(y).
-5
Suppose 2*h = 8*h + 126. Let z = h + 17. Let c(n) = -4*n - 2. Determine c(z).
14
Suppose 19*o + 10 = -28. Let c(b) = -b**2. Let n(r) = -8*r**2 - 3*r - 2. Let j(d) = -6*c(d) + n(d). Determine j(o).
-4
Let k(l) = -l**3 + 6*l**2 + 8*l - 2. Let i be k(7). Let c(z) = 8*z + z - z - 6 - i*z. Give c(5).
9
Let b(f) = 10*f - 19. Let c(g) = -33*g + 67. Let l(q) = 7*b(q) + 2*c(q). Let p = 5 + -2. What is l(p)?
13
Let j(b) be the third derivative of -b**5/60 - b**4/24 + b**3/6 + 17*b**2. Let h(f) = -3*f**2 - 3*f + 3. Let n(o) = h(o) - 2*j(o). Give n(3).
-11
Let a = 4 - 3. Suppose b = 4 - a. Let l(h) = -b*h - 6 + 0 + 7. Determine l(2).
-5
Let r(c) = 6*c - c**3 + 4 - 20*c + 11*c**2 + 0*c**2 + 8 + 6. Give r(10).
-22
Suppose 0 = -4*t + 2*z + 36, 0 = t + 3*z - 2*z - 9. Suppose t = 6*d - 5*d. Let l(n) = -n**2 + 9*n + 7. What is l(d)?
7
Let i(g) = 5*g + 2 - 1 - 3*g - 4*g**2. Suppose 0 = -y - 5*d - 7, 8*d = -2*y + 3*d - 9. Give i(y).
-19
Let d = -1430 + 171601/120. Let r(j) be the third derivative of 0*j**4 + 0 - d*j**6 + 0*j - 3*j**2 - 1/10*j**5 - 1/3*j**3. Give r(-6).
-2
Let o = 17 - 12. Let p(z) = -16*z + 2. Let u(f) = 24*f - 3. Let d(h) = o*u(h) + 8*p(h). Let s(g) = -g**2 - 18*g - 46. Let t be s(-15). Give d(t).
9
Let k(v) = -v + 9. Let a be (-63)/(-147) - (-31)/7*-1. What is k(a)?
13
Suppose 5*a + 4*t = -6, 5*a - 18 = -3*t + 5*t. Let u(g) = -a + g + 2 + 4. Determine u(-6).
-2
Suppose 3*z - 4 = -5*i + 11, -6 = -3*z - 2*i. Let n(c) = -c**3 - c + 5. Let j(a) = -3 + 8 - 4. Let g(u) = 2*j(u) - n(u). Calculate g(z).
-3
Let u(l) be the second derivative of l**4/12 + 2*l**3/3 + 7*l**2/2 + 281*l. Determine u(-3).
4
Suppose -2*q - 1 = -5. Suppose r = -4*f - 17, 0*r + q*r = -5*f - 25. Let t(a) = a**3 + 2*a**2 - 5*a - 4. Determine t(f).
2
Let r be ((-24)/(-10))/(0 - 4/(-30)). Suppose -13*b + r*b = 25. Let q(k) = -2*k - 1. Give q(b).
-11
Let q = 5 - -1. Let h(s) = s - 6. Let b(n) = -3*n + 15. Let l(v) = -b(v) - 2*h(v). Give l(q).
3
Let j(u) = -2*u**2 - u + 2. Let s(c) = -c**3 + 12*c - 11. Let d be s(1). What is j(d)?
2
Suppose 2*s - w - 73 = 0, -170 = -3*s + 5*w - 50. Let q(m) = -37*m - 4*m**3 - 9*m**3 + s*m - 1. Let f be (-1)/3*(1 + 2). What is q(f)?
14
Let d(a) = -6*a**2 + 9*a - 5. Let u(h) = 5*h**2 - 8*h + 4. Let y(q) = 6*d(q) + 7*u(q). Let r(w) = 2*w**2 + 41*w + 204. Let k be r(-9). Calculate y(k).
-5
Let k be 4 - 3 - -6 - -1. Let b(z) = -k*z + 3 - z**2 - z + 9*z. What is b(-3)?
-6
Let z(m) = -7*m**2 - m + 11. Let y(l) = -l**2. Let b(i) = 4*i + 26. Let f be b(-8). Let j(x) = f*y(x) + z(x). Determine j(0).
11
Let d = 616 + -627. Let u(o) = 13*o**2 + o**3 - o**2 - 2*o - 16 - o**2. What is u(d)?
6
Let x = 10 + -7. Let c be x/(12/4) + 0. Let r(h) = -5*h**3 + 8*h**2 - 2*h + 7. Let i(z) = -5*z**3 + 7*z**2 - 2*z + 6. Let v(b) = 6*i(b) - 5*r(b). What is v(c)?
-4
Suppose 6*w = 7*w. Let l(m) = -12*m + 13*m + 5 - 1 + 2. Let t(g) = g + 5. Let v(q) = -4*l(q) + 5*t(q). Give v(w).
1
Let g(z) = 2*z - 5. Let v be g(3). Let p(y) = y**2 + 2*y - 1. Let u(f) = f**3 - 2*f**2 - 5*f + 3. Let n(h) = 2*p(h) + u(h). Give n(v).
1
Let r(m) = 4*m + 2 - 3*m - 6. Let x = -3 + 71. Let a = x - 73. Calculate r(a).
-9
Let h(q) = q**3 + q**2 - 4. Let a be h(0). Let t be a/6*(-45)/(-10). Let m(d) = -2*d**2. Determine m(t).
-18
Let o(f) = f**3 + 1. Let v(m) = 5*m**3 + 5*m**2 + m + 2. Let u(p) = 6*o(p) - v(p). Suppose k = 2*k - 6. Suppose -s - 1 = -k. Determine u(s).
-1
Let a(k) be the third derivative of -1/6*k**3 - 1/24*k**4 + 0 - 29*k**2 + 0*k. Give a(-4).
3
Let p(n) = -9 - 1 + 8 - n**3 + 2*n + 4*n**2. Give p(-2).
18
Let d(c) be the second derivative of -4*c**3 - 2*c + 32. Give d(-1).
24
Let c(y) = 20*y**3 - 17*y**2 - 23*y + 5. Let s(z) = 9*z**3 - 8*z**2 - 11*z + 3. Let q(t) = -4*c(t) + 9*s(t). Determine q(5).
-3
Let i(x) = 16*x**3 + 3*x**2 - 2*x + 1. Let l(g) = 49*g**3 + 11*g**2 - 7*g + 3. Let z(t) = -7*i(t) + 2*l(t). What is z(1)?
-14
Let h(m) = m**2 - 7*m + 8. Let a(u) = u**2 - 5*u - 1. Let o(z) = -2*a(z) + h(z). Calculate o(-5).
-30
Let n(u) be the second derivative of -u**5/120 + 5*u**4/24 + 31*u**3/6 + 32*u. Let j(y) be the second derivative of n(y). Calculate j(0).
5
Suppose v = -p + 7, 5 = p - 0*p + 3*v. Suppose -p*y = 6*y - 14. Let g(f) = 4*f**3 - 2*f**2 + 1. Determine g(y).
3
Let m(n) = 5*n**3 - 5*n**2 - 10*n - 8. Let z(p) = 4*p**3 - 5*p**2 - 9*p - 8. Let d(k) = 3*m(k) - 4*z(k). Let q be (-5)/(-1)*-3*(-4)/10. Determine d(q).
8
Let k(g) = -4*g - 2. Let j = -22 + 26. Let q be (9 - 13)*2/j. Give k(q).
6
Let z(q) = 3*q**3 - 2*q**2 + q - 1. Let o(a) = -4*a + 18. Let b be o(4). Give z(b).
17
L